alculate the remainder when 22644729 is divided by 253.
217
What is the remainder when 54811 is divided by 1731?
1150
Calculate the remainder when 1416015 is divided by 283199.
20
Calculate the remainder when 323126 is divided by 80642.
558
What is the remainder when 582780 is divided by 649?
627
What is the remainder when 42315989 is divided by 1810?
1809
What is the remainder when 1223163 is divided by 362?
327
Calculate the remainder when 4930299 is divided by 919.
783
Calculate the remainder when 121200191 is divided by 8.
7
What is the remainder when 366531 is divided by 285?
21
What is the remainder when 31587 is divided by 264?
171
What is the remainder when 30531630 is divided by 536?
534
What is the remainder when 398116 is divided by 199040?
36
Calculate the remainder when 153963 is divided by 25598.
375
What is the remainder when 14955 is divided by 2764?
1135
What is the remainder when 189276 is divided by 419?
307
What is the remainder when 331543506 is divided by 121?
118
What is the remainder when 81335 is divided by 11398?
1549
Calculate the remainder when 270488 is divided by 731.
18
Calculate the remainder when 12666697 is divided by 12666674.
23
Calculate the remainder when 5893874 is divided by 14.
0
What is the remainder when 154507 is divided by 339?
262
What is the remainder when 245058 is divided by 81631?
165
What is the remainder when 4781826 is divided by 597724?
34
Calculate the remainder when 11337766 is divided by 189.
34
Calculate the remainder when 482830 is divided by 34486.
26
Calculate the remainder when 291434 is divided by 2158.
104
Calculate the remainder when 113466 is divided by 34020.
11406
Calculate the remainder when 6408624 is divided by 68909.
87
What is the remainder when 158741 is divided by 760?
661
Calculate the remainder when 1080693 is divided by 1732.
1657
Calculate the remainder when 58621861 is divided by 25.
11
What is the remainder when 60641037 is divided by 668?
665
Calculate the remainder when 3190509 is divided by 531751.
3
Calculate the remainder when 69702307 is divided by 49.
3
What is the remainder when 125718 is divided by 8?
6
What is the remainder when 2494663 is divided by 343?
24
Calculate the remainder when 64024663 is divided by 2667694.
7
What is the remainder when 87806 is divided by 2373?
5
What is the remainder when 203038 is divided by 296?
278
What is the remainder when 979659 is divided by 239?
237
Calculate the remainder when 7103366 is divided by 948.
2
Calculate the remainder when 302797 is divided by 14.
5
What is the remainder when 12223115 is divided by 40?
35
What is the remainder when 47952 is divided by 1903?
377
What is the remainder when 49460148 is divided by 3804626?
10
Calculate the remainder when 45837 is divided by 1018.
27
What is the remainder when 624612 is divided by 5037?
24
Calculate the remainder when 283773832 is divided by 65.
17
Calculate the remainder when 54350160 is divided by 9.
6
What is the remainder when 124824595 is divided by 2445?
10
What is the remainder when 312462099 is divided by 4962?
4959
Calculate the remainder when 14486963 is divided by 3621740.
3
Calculate the remainder when 860108 is divided by 27739.
199
What is the remainder when 1059770 is divided by 264940?
10
What is the remainder when 94171371 is divided by 1046?
1037
Calculate the remainder when 5057 is divided by 783.
359
What is the remainder when 85031534 is divided by 112031?
5
What is the remainder when 6174732 is divided by 80?
12
Calculate the remainder when 42109 is divided by 14022.
43
Calculate the remainder when 1111079089 is divided by 3677.
3676
What is the remainder when 659145 is divided by 683?
50
Calculate the remainder when 453764 is divided by 3781.
44
Calculate the remainder when 8816884 is divided by 1127.
363
What is the remainder when 437009 is divided by 1210?
199
Calculate the remainder when 21091595 is divided by 10545692.
211
Calculate the remainder when 13915979 is divided by 90.
89
Calculate the remainder when 38303649 is divided by 37.
28
Calculate the remainder when 848069 is divided by 3163.
385
What is the remainder when 82475 is divided by 13068?
4067
What is the remainder when 253739 is divided by 1031?
113
What is the remainder when 118916324 is divided by 366?
362
Calculate the remainder when 8856 is divided by 4009.
838
What is the remainder when 3175673 is divided by 188?
165
Calculate the remainder when 4173096 is divided by 3446.
3436
What is the remainder when 116182 is divided by 2523?
124
What is the remainder when 622433 is divided by 4793?
4136
Calculate the remainder when 35940481 is divided by 495.
16
What is the remainder when 238040370 is divided by 137?
130
What is the remainder when 2511375 is divided by 11?
9
Calculate the remainder when 2225970 is divided by 191.
56
What is the remainder when 1758478 is divided by 17?
15
Calculate the remainder when 104801008 is divided by 34933651.
55
What is the remainder when 20715362 is divided by 811?
800
What is the remainder when 705272 is divided by 4046?
1268
Calculate the remainder when 8300722 is divided by 4150348.
26
Calculate the remainder when 24102369 is divided by 512816.
17
What is the remainder when 4185031 is divided by 41?
38
Calculate the remainder when 1010943 is divided by 718.
717
Calculate the remainder when 596121 is divided by 149.
121
Calculate the remainder when 554740657 is divided by 310.
307
Calculate the remainder when 1280565 is divided by 185.
180
Calculate the remainder when 4335652 is divided by 334.
332
What is the remainder when 30616 is divided by 15191?
234
What is the remainder when 3185765 is divided by 159276?
245
What is the remainder when 1266167 is divided by 532?
7
Calculate the remainder when 728039 is divided by 363576.
887
Calculate the remainder when 532580 is divided by 133080.
260
What is the remainder when 1176305 is divided by 1838?
1823
What is the remainder when 319353 is divided by 319291?
62
What is the remainder when 2791997 is divided by 12986?
7
What is the remainder when 306158 is divided by 101765?
863
Calculate the remainder when 53880 is divided by 1710.
870
Calculate the remainder when 4564837 is divided by 22.
13
Calculate the remainder when 5699892 is divided by 949976.
36
What is the remainder when 102111301 is divided by 1197?
19
Calculate the remainder when 1372720 is divided by 3127.
3094
What is the remainder when 2623381 is divided by 874453?
22
Calculate the remainder when 7819626 is divided by 169.
165
What is the remainder when 383704 is divided by 305?
14
What is the remainder when 91740 is divided by 87811?
3929
Calculate the remainder when 281866 is divided by 514.
194
What is the remainder when 605983620 is divided by 4693?
4688
Calculate the remainder when 2996153 is divided by 12.
5
What is the remainder when 764991 is divided by 600?
591
Calculate the remainder when 108853847 is divided by 133.
130
Calculate the remainder when 19914954 is divided by 27.
24
What is the remainder when 48316799 is divided by 2100?
2099
What is the remainder when 1217748 is divided by 26472?
36
What is the remainder when 4445995 is divided by 4445958?
37
Calculate the remainder when 344806 is divided by 4598.
4554
Calculate the remainder when 228980 is divided by 37851.
1874
Calculate the remainder when 18291405 is divided by 457.
437
Calculate the remainder when 11116527 is divided by 2223302.
17
What is the remainder when 9582759 is divided by 1511?
1508
Calculate the remainder when 17484379 is divided by 151.
89
Calculate the remainder when 2022205579 is divided by 2566.
2563
Calculate the remainder when 918853 is divided by 3378.
37
Calculate the remainder when 960673 is divided by 2555.
2548
What is the remainder when 259748 is divided by 28855?
53
What is the remainder when 126780 is divided by 1442?
1326
What is the remainder when 10869503 is divided by 33?
29
What is the remainder when 11749346 is divided by 35?
21
What is the remainder when 106921 is divided by 6234?
943
What is the remainder when 2279606 is divided by 556?
6
What is the remainder when 2571875 is divided by 2823?
122
Calculate the remainder when 267742 is divided by 128.
94
Calculate the remainder when 2343159 is divided by 415.
69
